the remainder when p is divided by (0 - i) + -4 + 42?
36
Let x(v) = -7*v - 6. Let a be x(4). Suppose -8 - 20 = -4*h - 4*r, 0 = 3*h + r - 21. What is the remainder when 4/6 + a/(-3) + 2 is divided by h?
0
Calculate the remainder when 871 is divided by 1*183*(-39)/(117/(-2)).
17
Let j(c) = -c - 3. Let w be j(3). Let n = w - -53. Calculate the remainder when 90 is divided by n.
43
Let h(l) = -36*l - 413. Calculate the remainder when 549 is divided by h(-13).
54
Suppose 5552 = 5*r + 3*p, 3016 = 3*r - p - 304. What is the remainder when r is divided by 33?
19
Suppose -1925 = -4*r + t, 5*r - 2104 = -2*t + 286. Calculate the remainder when r is divided by 157.
9
Suppose -66*r - 268 = -928. Let f(g) = -7*g + g + 3 + 0. What is the remainder when f(-2) is divided by r?
5
Let x = -14464 + 15282. What is the remainder when x is divided by 27?
8
Suppose -2*g = -2*j - 2*j + 162, -5*g - 417 = 2*j. Suppose -6 = 3*z - 297. Let c = g + z. Calculate the remainder when 53 is divided by c.
11
Calculate the remainder when 12/42*24360/80 is divided by (-1 + 1/3)*-33.
21
Suppose 114 = 5*n + 3*d, -10*n - 2*d = 2*n - 258. Calculate the remainder when 275 is divided by n.
2
Let z be (-418)/(-33) + (-4)/6. Suppose 19*m = z*m + 126. What is the remainder when 14/(-63) + (-2 - (-580)/m) is divided by 16?
14
Suppose 33*n - 7623 = -66*n. Calculate the remainder when 268 is divided by n.
37
What is the remainder when ((-6)/(-63)*14)/((-6)/(-774)) is divided by 35?
32
Let p(d) = -14*d**2 - 12*d + 18*d**2 + 3 + 67*d + 2. Let v = 128 - 89. Calculate the remainder when p(-16) is divided by v.
32
Suppose 0 = -3*n + 88 - 4. What is the remainder when (132/(-209))/(58/(-4959)) is divided by n?
26
Calculate the remainder when 1013 is divided by (-1)/(-6 - (-44)/(-104)*-14).
12
Let l(k) = 3*k**2 + 23*k + 92. What is the remainder when 339 is divided by l(-7)?
27
Suppose 0 = -21*j + 3*j + 4842. Suppose -y - 107 = -2*s, -2*y = -9*s + 4*s + j. Calculate the remainder when 437 is divided by s.
52
Let r = 364 - 254. Let z(h) = -4*h**3 + 38 - 21 + 11*h**2 + 2*h**3 - 35 + 29*h. What is the remainder when r is divided by z(7)?
34
Suppose 301 = -82*q + 89*q. Suppose u - 2*o = -32 + q, 0 = -4*u + 5*o + 41. What is the remainder when u is divided by 3?
0
Let n(s) = -58*s**3 - 7*s**2 - 146*s - 548. What is the remainder when n(-4) is divided by 135?
126
Suppose 7526 + 4458 = 28*o. Let s = o + -399. Suppose 4*a + 200 = 8*a. Calculate the remainder when a is divided by s.
21
What is the remainder when 606 is divided by (-88)/8 + (-260)/(16/(-8))?
11
Suppose 107*l - 5963 - 15972 = 0. What is the remainder when 869 is divided by l?
49
Let q = 2 - -102. Let z = q + -72. What is the remainder when z is divided by 14?
4
Suppose 26*i + 22*i = 29*i + 1254. Calculate the remainder when 2041 is divided by i.
61
Let l(g) = 227*g + 5253. What is the remainder when 16574 is divided by l(-22)?
257
Suppose 4*z + 3*v - 364 = 1216, 5*z - 2*v = 1952. What is the remainder when 1571 is divided by z?
3
Let a(q) = -4*q - 10. Let l = 302 + -59. Suppose 7*t - 3*t + 5*i = 322, -3*i = 3*t - l. What is the remainder when t is divided by a(-7)?
11
Suppose 5*f = -9*f + 322. Suppose -22*s + f*s = 225. Suppose -4*c + 19*c = s. What is the remainder when 55 is divided by c?
10
Let g be (-1)/2 + -9 + (-377)/(-26). Suppose 0 = -5*i - g*q + 50, 3*i - 7*q + 4*q - 36 = 0. Calculate the remainder when i is divided by 1.
0
Let i = 28916 - 28910. What is the remainder when 692 is divided by i?
2
Let p = 195 + -170. Suppose -p = -g + 6. Calculate the remainder when 80 is divided by g.
18
Calculate the remainder when (-227 - 0)*(-123)/(-287)*-259 is divided by 200.
197
Let y = -4773 - -4987. Calculate the remainder when y is divided by 26.
6
Suppose o + 2394 = 3*w + 3033, 4*w = 3*o - 1942. Calculate the remainder when o is divided by 44.
38
Suppose -5*z - i = 2810, -z = 2*z + 3*i + 1698. Let o = 580 + z. Calculate the remainder when 55 is divided by o.
17
Let c = -13 - -32. Suppose 190*f + 11 = 192*f - x, 3*f = 4*x + 9. What is the remainder when c is divided by f?
5
Let z = -555 - -249. Let g = -289 - z. Calculate the remainder when 169 is divided by g.
16
Let p be 2/13 + (-1674)/403. Calculate the remainder when 65 is divided by (-317)/(-21) + p + (-902)/(-231).
5
Suppose -2*l - 75 = -3*l. Let h(a) = -57*a - 172. Let f be h(-7). Suppose 8*w - 85 = f. What is the remainder when l is divided by w?
36
Suppose -n + 66 = 123. Let l = n - -57. Suppose -2*v + 102 = 3*q - 0*v, l = 2*q + 2*v - 66. What is the remainder when q is divided by 11?
3
Suppose 0 = -51*p + 19*p + 870 + 4378. What is the remainder when 444 is divided by p?
116
Suppose 0 = -4*k + 3*v + 17051, 3*k + 1352 = -3*v + 14114. Calculate the remainder when k is divided by 20.
19
Let i = 5480 + -4944. Calculate the remainder when i is divided by 55.
41
Suppose o + 0 - 64 = 0. Suppose -15 = -3*v - 3*n + 6*n, 2*n = 4. Suppose -2*c - 165 = -v*c. What is the remainder when o is divided by c?
31
Suppose -46*p - 3 + 141 = 0. Calculate the remainder when 69 is divided by p.
0
Let g = -12060 - -12076. Suppose -x = 2*u - 4, 3*u + x - 3 = 3. Suppose -80 + 270 = u*l. What is the remainder when l is divided by g?
15
Suppose 108 = 3*t - 189. Suppose -2*z = -z - 123. Let o = z - t. Calculate the remainder when 93 is divided by o.
21
Suppose 6*c + 15 = 33. Suppose g + 190 = 3*v - 3*g, -181 = -c*v - 5*g. Suppose 2 - 44 = -2*h. What is the remainder when v is divided by h?
20
Let p = -6055 - -6062. What is the remainder when 69 is divided by p?
6
Suppose 0 = -3*d - 3*j + 366, j = 3*d - j - 341. Suppose 13*u - d = 4*u. What is the remainder when u is divided by 3?
1
Let y(a) be the third derivative of a**5/30 + 5*a**4/24 + a**3/2 - 13*a**2. Let f be y(-4). Let z = 30 - f. What is the remainder when z is divided by 9?
6
What is the remainder when 1835 is divided by (-4)/(-20) + 3367/65 + 16?
67
Let s = 11 - 8. Suppose 27 = -s*p + 6*p. Suppose 0 = 2*i + 16 - 26, 5*i = -b + 42. What is the remainder when b is divided by p?
8
Suppose -2*b - 4*g + 482 = 0, -b = -5*g - 289 + 83. Let c = -215 + b. Calculate the remainder when 39 is divided by c.
7
Let v = 4827 + -4411. Calculate the remainder when v is divided by 140.
136
Let q(g) = g**3 + 13*g**2 - 26*g - 146. Calculate the remainder when q(-12) is divided by 15.
10
Suppose 14 = 4*z + 5*t, -4*z + 6 + 10 = 4*t. Let a = 279704 + -279700. Calculate the remainder when z is divided by a.
2
Let m = -18670 - -24009. What is the remainder when m is divided by 6?
5
What is the remainder when (-14508)/(-6) + 3/(-3) is divided by 46?
25
Let q = 205 - 202. Suppose 2*t = -16*k + 12*k + 46, q*k + 48 = 4*t. Calculate the remainder when 2*-1 - (-270)/6 is divided by t.
13
Let n(u) = 95*u**3 + 12*u**2 + 7*u - 20. What is the remainder when n(1) is divided by 1/(-2) - (-30)/4?
3
Let s = 1018 - 964. Calculate the remainder when 263 is divided by s.
47
Suppose -5*c = -3*s + 2341, -10*c - 3859 = -5*s - 7*c. What is the remainder when s is divided by 195?
182
Let y be (-14)/(-2) + (-7)/((-7)/(-4)). Suppose y*v - 5*b - 19 = 0, -b = 4*v + 2 - 58. Calculate the remainder when 246 is divided by v.
12
Let c = 95 - 93. Suppose 3*i = c*i + 102. What is the remainder when 404 is divided by i?
98
Let t(r) = -19*r - 14. Let w be t(-10). Suppose -4*u - w = -4*g, 0 = 2*g - 7*g - 4*u + 220. Calculate the remainder when 480 is divided by g.
40
Let b(i) = -25*i - 45. Let w be b(-5). Suppose -93*y = -88*y - w. What is the remainder when y is divided by 3?
1
Suppose -444 = -5*i + 5*u + 351, -4*i + 3*u = -627. Let v = 8 + 12. Calculate the remainder when i is divided by v.
10
Let i = -444 + 678. Calculate the remainder when 172 is divided by i/4 - 5/(-2 - 8).
54
Suppose -14193 - 16461 = -36*n - 3*n. Calculate the remainder when n is divided by 244.
54
Let v(h) = -5*h - 9. Let r be (-1)/(-3) + 125/3. Calculate the remainder when r/(-3*(-2)/4) is divided by v(-5).
12
What is the remainder when ((45/2)/3)/((-109808)/(-7840) - 14) is divided by 23?
6
Calculate the remainder when 629 is divided by 91/14*-32*(-1 - (-3)/4).
5
Let p = 2668 - 2450. Calculate the remainder when p is divided by 18.
2
Suppose -3411 = -161*r + 3673. What is the remainder when 262 is divided by r?
42
Let g = 50 - 51. 